= 15*g. Suppose -5*o - 383 = -4*m, g = -2*m + 5*m - 3*o - 285. Let s = -59 + m. Is s composite?
True
Let c = 7 + -7. Suppose -2*m - 3*w + 15 = c, 4*w - 2 - 18 = 0. Suppose 4*n - 2*n - 154 = m. Is n prime?
False
Suppose 0 = -5*b + 3*n + 14508, -4*n + 14332 + 169 = 5*b. Is b prime?
False
Let g(h) = -4*h + 39 + 0*h**2 + 5*h**2 + 0*h**2 + 4*h**2. Is g(-8) a composite number?
False
Suppose 93*p - 57*p - 3598812 = 0. Is p a prime number?
False
Suppose -5*i = -3*f - 32, -i + 0*f = 4*f + 12. Suppose -9*p = -i*p. Is 172 - -3 - (-2 + p) composite?
True
Let c(s) = -s**2 + 4*s - 10. Let u be c(8). Is (14/u)/((-1)/111) prime?
True
Suppose -3*f + 23807 = 4*b, 27 = 4*b + 19. Is f prime?
True
Let p be 18/(-63) - (-3210)/14. Suppose 5*s = -4*q + 263, -5*s + s + 3*q = -p. Is s prime?
False
Let g be (-24)/108 - (-22570)/(-9). Let f = g + 3803. Suppose 3*i = -2*i + f. Is i prime?
False
Let z(t) = -t - 7. Let y = -16 + 6. Let n be z(y). Suppose -n*o + 253 + 104 = 0. Is o a composite number?
True
Let c(t) = t**3 + 2*t**2 - 4*t + 1. Let y be c(-3). Suppose 0 = -y*v - 3*n + 2608, 0*n + 4*n = -3*v + 1963. Is v prime?
False
Suppose -a = 2*d + 3*d - 1, -25 = 3*a + d. Let h = a - -12. Suppose 5*w + 66 = h*m - 34, 38 = m + 3*w. Is m a composite number?
True
Let t = -1253 - -2091. Is t a composite number?
True
Let y = -39 - -37. Is 1151/(5/(-5) - y) prime?
True
Let d(c) = -c**3 - 3*c**2 + 3*c + 1. Let n be d(-4). Suppose 0 = n*w - 4*w - 745. Is w prime?
False
Let c = -19 - -21. Suppose 0 = c*p + 2 - 16. Suppose 5*t + 4*i = 619, -p*i = t - 2*i - 107. Is t prime?
True
Suppose -3 = 2*y - 215. Suppose 15*x = 17*x - y. Is x prime?
True
Suppose 2*k - 6628 = -2*p, 10*p - 2*k = 14*p - 13262. Is p a composite number?
True
Let m = 2 + 3. Let k be (-2)/9 + (-5696)/(-36). Suppose m*c - k = 3*c. Is c a composite number?
False
Let a(f) = -f**3 - 4*f**2 - 8*f + 17. Suppose -16 = -2*v + 4*v. Is a(v) a composite number?
False
Suppose 4*d + 2*i - 17 = -d, 4*i - 4 = 0. Let l = 3 + 8. Is l - d/(-3)*-1 a prime number?
False
Suppose -a + 3*d - 15 = -5, -5*a - 5*d = -30. Suppose -l + a*z = -z - 35, 4*z = 5*l - 175. Is l composite?
True
Suppose -33*h = -38*h + 25. Is (-1)/h*(-3935 - 0) a prime number?
True
Suppose 0 = -15*c + 63 + 12. Let a = 3 + 0. Suppose -c*q = -4*q + 4*s - 25, 5*q - 176 = -a*s. Is q a composite number?
False
Let q(t) be the third derivative of t**4/24 - t**3/2 + 2*t**2. Let p be q(-7). Let l(z) = -25*z + 7. Is l(p) a composite number?
False
Is ((-30)/20)/((-18)/21972) prime?
True
Let k(s) = s - 5. Let n be k(3). Let x be -1 - (0 + n + -628). Suppose 2*o - x = o. Is o a prime number?
False
Let y(x) = x**2 + 9*x. Let v be y(-9). Suppose -5*k + 4*o - 1527 = 0, v = 2*k - 4*o + 610 + 8. Let d = -176 - k. Is d composite?
False
Let w = -2176 + 1519. Let b = w - -1106. Is b prime?
True
Let r(i) = -2*i**3 + 5*i**2 + i + 25. Suppose -5*m - 33 = -2*m - 3*o, -31 = m - 5*o. Is r(m) prime?
True
Let f(l) = 4418*l**2 + l. Suppose -y + 3*y = 6, 0 = 4*t - 3*y + 13. Is f(t) prime?
False
Let x be -159 - (-5 - -2 - 1). Let y = 98 - x. Is y composite?
True
Suppose -29712 = -4*i + 4*q, 3*q + 10027 + 27111 = 5*i. Is i a prime number?
False
Let y be -1 + (-3)/(4 + -1). Let b(r) = -2*r - 1. Is b(y) a composite number?
False
Suppose 0 = 4*a - 16, 4*w + 4*a + 6323 = 20687. Is w composite?
True
Is (288964/195 + 2/6)*5 a composite number?
False
Let v(u) = 2*u**2 + u - 1. Let n be v(1). Suppose -3*x = n*x - 1455. Suppose x = -a + 4*a. Is a composite?
False
Let t be (9/(-2))/(-9) - (-21)/6. Suppose -t*p + 4*g = p - 2935, -4*g = 20. Is p composite?
True
Let k(m) = 39*m**2 + 2*m + 3. Let r be k(-1). Is (-2555)/(-3) - (r/(-6))/(-10) a composite number?
True
Let z = -2100 + 3815. Suppose 0 = g + 4*l - 34 - 315, z = 5*g + 5*l. Is g composite?
True
Let z be ((-30)/12)/((-2)/(-4)). Let w(g) = 35*g + 18. Let t(n) = 17*n + 9. Let h(d) = 5*t(d) - 3*w(d). Is h(z) prime?
False
Let m = -117 + 67. Let a be 10*20*(-20)/m. Let i = -22 + a. Is i a composite number?
True
Let j(q) = 18*q**2 - 44*q - 31. Is j(-22) composite?
False
Suppose 0 = -l - 0*s - s + 4172, -4*l = s - 16703. Is l composite?
False
Let l(p) = -1 - 3*p + 0*p + 1 + 1 + p**2. Is l(-7) composite?
False
Suppose -3*t + 6*t = 0. Suppose 5*o = c + 97 + 38, 5*o - 2*c - 135 = t. Let a = 88 + o. Is a a composite number?
True
Suppose -2*r - 22343 = -2*g + 9287, 0 = 3*g - 2*r - 47445. Is g prime?
False
Suppose -523 = -3*h + 4010. Suppose -h = -4*m + 3093. Is m prime?
True
Let x(y) = -y**2 + y. Let q be x(1). Let g be 2 + q - (5 - 15). Is (9/g)/3*2164 composite?
False
Suppose -2*q + 4*k = 4 - 2, -4*q + 5*k - 4 = 0. Is 127/(((-2)/q)/2) a prime number?
True
Suppose i - 1088 = -3*o, -4352 = -4*i + 2*o - 0*o. Let h = 369 + i. Is h a prime number?
False
Let y = 32 + -53. Let s be (-9 - -7)*(-2 + -1). Is -62*(y/s - -3) a prime number?
True
Is ((-50027)/76)/((-2)/8) a composite number?
False
Let z be 2 + -3 + 1*7. Suppose -m + 460 = -z*m. Let y = 286 + m. Is y prime?
False
Let u be 6068/2 - (-10)/(-5). Let o = 5269 - u. Suppose -5*f - 2*s = -o, -2*f + 869 + 41 = -3*s. Is f a prime number?
True
Suppose -5*n + 5*t + 10460 = 0, -2*n - 3*n + 10460 = 4*t. Suppose -4*s - 5*i = -2783, 0 = -s - 2*s + i + n. Is s prime?
False
Let i(k) = -3*k**2 - 3*k - 6. Let q be i(6). Let j = q - -67. Let l = -34 - j. Is l composite?
False
Let i(y) = -y**3 + 8*y**2 - y + 7. Let f be i(8). Let b be ((-15)/6)/(f/2). Suppose -2 = -d + 3, -b*d - 86 = -3*j. Is j prime?
True
Suppose 0 = -3*o + 2041 + 2042. Is o prime?
True
Let s be 0 - (-1 + (-645)/3). Let n be s/90*85/(-2). Let q = 859 - n. Is q prime?
False
Suppose 0 = 5*v - 2*v + 63. Let n = v - -23. Suppose -4*o + 332 = m, -n*m + 182 = 5*o - 233. Is o a composite number?
False
Is (5 - 215/45) + 619563/27 a prime number?
False
Suppose -z = 3*k - 19, -3*z = k - 6*k - 1. Let l(u) = 6*u + 11803*u**2 - 23600*u**2 + 11817*u**2 - 13. Is l(z) a prime number?
True
Let w = 39004 - 17105. Is w a prime number?
False
Let u(x) = -x**3 - 3*x**2 + 10*x - 19. Suppose 9*j - 63 = 6*j. Let b be 12/(-2) - j/7. Is u(b) prime?
False
Let w(f) = 12*f**2 - f - 5. Let s be (2/3 - 23/3) + 3. Is w(s) a prime number?
True
Let g(o) = -15*o**2 + 10*o + 14. Let l(m) = -m - 1. Let s(c) = -g(c) - 4*l(c). Is s(-3) composite?
True
Suppose 106*y - 112*y + 3774 = 0. Is y prime?
False
Let t(o) = -67*o - 42. Let r be t(-5). Let k = r - 106. Is k a prime number?
False
Suppose -2*m + 2*z + 16912 = 4518, 0 = 5*z. Is m prime?
True
Let i(z) = -21*z - 14. Let t(k) be the third derivative of -k**5/60 + k**4/4 + k**3/2 - 5*k**2. Let r be t(8). Is i(r) a prime number?
False
Suppose -24 = 2*o - 5*o. Let a(m) be the second derivative of m**4/12 + m**3/2 - 3*m**2/2 + 2*m. Is a(o) a composite number?
True
Is (-11)/11 - (-8 + -2352) a composite number?
True
Is (-200784)/(-28) - 5*(-10)/350 prime?
False
Let r(t) = t**3 - 9*t**2 + 8*t + 2. Let g(q) = 2*q**3 - 17*q**2 + 15*q + 3. Let l(b) = 3*g(b) - 5*r(b). Let u be l(7). Let o = u + -24. Is o a prime number?
True
Let k(s) = 3*s + 169. Let t(c) = 9*c + 507. Let m(q) = 7*k(q) - 2*t(q). Is m(0) composite?
True
Let a(o) = -455*o - 47. Suppose c - 4*d = 4*c + 36, 5*c - 3*d + 31 = 0. Is a(c) a composite number?
False
Let v be 1148/42 - (-1)/(-3). Suppose 3*n = 2*f - 17, -3*f + 2*n + n + v = 0. Is ((-2149)/35)/((-2)/f) composite?
False
Let t = -1693 + 670. Let c = t + 2058. Suppose 3*j + c + 245 = 5*r, -4*j = 20. Is r composite?
True
Suppose 31 = -0*z - 4*z + 3*s, 3*z = s - 17. Let f(b) = -2*b**2 - 2*b - 4. Let l be f(z). Is (-2724)/l + 4/(-14) a prime number?
True
Let p = 1715 + -6091. Is 3/(p/4388 - -1) prime?
True
Let a = 30 + -12. Is ((-4)/6)/(a/(-16713)) a composite number?
False
Let m(z) = -z**3 + z**2 - 2*z - 11. Let f be m(0). Let c = f + 144. Is c composite?
True
Let u be 45/(-6)*40*1. Let g = u - -23. Let v = 464 + g. Is v prime?
False
Let j = 128 - 220. Let z(o) = 72*o**2 + 3*o + 1. Let f be z(-2). Let a = j + f. Is a prime?
True
Suppose z + 6*h - 5*h - 1839 = 0, 0 = -4*z - h + 7344. Is z a prime number?
False
Let h(x) = -17*x**2 - 9*x - 27. Let d(w) = 16*w**2 + 9*w + 28. Let o(j) = -5*d(j) - 6*h(j). Is o(-5) prime?
False
Suppose -b = 4*b - 15. Suppose 0 = b*r - 0*r - 153. Is r a composite number?
True
Let k(z) = 50*z**2 + 7*z - 67. Is k(10) a prime